e h(n).
-6
Let i be (-55)/33 + (-289)/3. Let w = i - -95. Let y(x) be the second derivative of -x**5/20 - x**4/4 + x**3/6 - x**2/2 + x. Determine y(w).
-4
Let s(m) = -m**2 - m + 249. Suppose -17*f + n = 4*n + 293, 2*n = 4*f + 50. What is s(f)?
9
Let h = 876 - 878. Let y(v) = -v**2 - 7*v - 4. Let u be y(h). Let p(x) be the third derivative of x**4/24 - x**3/3 + 2*x**2. What is p(u)?
4
Let k(f) be the third derivative of f**5/30 + f**4/3 + 2*f**3 - 471*f**2 - 2. What is k(-6)?
36
Let y(c) = c**2 - c - 2. Let h = -96 - -149. Let j = 58 - h. Calculate y(j).
18
Suppose -3*r = 2*l - 77, 3*r + l = 95 - 13. Suppose 8*u = -13 + r. Let t(n) = 3*n + 5 - n**u + 0 - 7 - 7*n. Determine t(-4).
-2
Let x be 1*(19 - (-63)/(-9)) + 15/3. Let f(b) = b - 5. Give f(x).
12
Let q = -53 - -61. Suppose 2*z - q = 2*s, s = -5*z + 4*s + 10. Let l be z*0*2/(-10). Let t(x) = -x**3 - x**2 - x - 22. What is t(l)?
-22
Let t(o) = -6*o - 148. Let x be t(-22). Let d(n) = -26*n - 413. Let s be d(x). Let v(y) = 3*y**2. What is v(s)?
27
Let m(r) = -3*r + 10. Suppose 3*x - 4*x = -3*x. Suppose -3*c - 2*h = -9, -2*c + x*h + 4*h = -22. Give m(c).
-5
Let b(n) = 2*n**2 + 5*n - 138. Let j be b(7). Let d(w) = -w**3 - 4*w**2 - 6*w - 3. Calculate d(j).
52
Let n(s) = 13*s + 1. Let w(p) = -p**3 + 2*p**2 - p - 1. Let o(v) = -5*v + 197. Let y be o(39). Let x be w(y). What is n(x)?
-38
Let o(j) be the first derivative of 7*j**2/2 - 59*j + 5942. Determine o(10).
11
Let q(t) = 1. Let g(p) = -20*p**3 - 2*p**2 + 2*p - 5. Let x(b) = g(b) + 2*q(b). Let a(k) = -20*k**3 - 3*k**2 + 3*k - 4. Let r(s) = -3*a(s) + 4*x(s). Give r(1).
-20
Let f(g) be the first derivative of g**2 + 6*g - 20. Let w = 153 + -159. Give f(w).
-6
Let b(l) = -4*l - 7*l - 8*l - l + l**2 - 3*l - 64. Determine b(25).
-14
Let z(s) = -22*s + 487. Let m(v) = -22*v + 454. Let q(l) = 15*m(l) - 14*z(l). Give q(0).
-8
Let y(o) be the second derivative of -5*o**3/6 + 5*o**2 - 221*o. Determine y(5).
-15
Let d(i) = i**3 + 11*i**2 + 11*i + 7. Let o = -283 - -334. Suppose 89 + o = -14*x. Give d(x).
-3
Let v(r) = -r + 2. Let b = 687 - 756. Let c = b + 61. Determine v(c).
10
Suppose 0*n - 30 = -5*u + 4*n, 0 = 3*n + 15. Let g(x) = 2*x + 13*x**2 + 5*x**3 + 4 - 7*x**3 - 6*x - 19*x**u + x**3. What is g(-5)?
-1
Let v(a) = a**3 - a**2 - a - 27. Suppose -2*t = -17 + 19. Let o be 1/(t/(-6) + 0). Let x = -6 + o. Calculate v(x).
-27
Let z(q) = 143*q - 2 - 73*q**2 + 115*q - 262*q + 72*q**2. Let h(b) = b**2 + b + 2. Let v be h(0). Suppose 4*p - 16 = 0, -2*o = v*o - 3*p + 24. Determine z(o).
1
Let q(h) be the first derivative of h**4/4 - 4*h**3 + 15*h**2 - 8*h - 2257. What is q(9)?
19
Let q(j) = -33*j + 105. Let o be q(3). Let p(n) be the second derivative of n + 1/20*n**5 - 5/12*n**4 - n**3 + 0 + 4*n**2. Determine p(o).
8
Let b(c) = -3*c - 117. Let f(p) = -39*p - 1539. Let z(y) = 27*b(y) - 2*f(y). Determine z(-21).
-18
Let r = -44 - -47. Let k be 5 + -7 - r*-2. Suppose 1 = 5*y + k*o, -5*o + 4*o = -2*y + 3. Let b(v) = 7*v**2 - v + 1. What is b(y)?
7
Let j(c) be the first derivative of 5*c - 2 - 1/2*c**2. Let d be (-4)/(-14) + 216/28. Calculate j(d).
-3
Let x = -513 + 526. Let b be x/((-26)/(-30))*(-2)/6. Let t(u) = u**3 + 4*u**2 - 7*u - 7. Calculate t(b).
3
Let z(y) = -y**2 - 13*y - 36. Let q(m) = m**3 - 36*m**2 + 67*m + 31. Let p be q(34). Give z(p).
-6
Let l(o) be the second derivative of -o**4/12 - 3*o**3/2 - 33*o**2/2 + 56*o - 27. Determine l(-4).
-13
Let a(f) be the first derivative of -f**4/4 - 4*f**3/3 + 9*f**2/2 + f - 1101. Give a(-6).
19
Let b = 10 + -6. Let d(a) = -a**2 - 24*a - 89. Let r be d(-5). Suppose -r*p + b = 46. Let j(i) = -i**3 - 8*i**2 - 5*i + 7. Give j(p).
-7
Let a(k) be the third derivative of -k**7/840 + 7*k**6/360 + k**5/24 - k**4/3 + 77*k**3/3 + 233*k**2. Let v(p) be the first derivative of a(p). Give v(8).
-32
Suppose 7*d - 168 = 31*d. Let y(p) = 0*p - p + 30 - 28. Determine y(d).
9
Let w be 2/(-10) + (-39)/5. Let x = w + 7. Let r(s) = 0 + 54*s - 44*s + 0 - 26*s. Determine r(x).
16
Let a(s) be the third derivative of -s**5/60 + 5*s**4/8 - 37*s**3/6 - 5512*s**2. Give a(4).
7
Let q(a) be the first derivative of a**4/4 + 7*a**3/3 + 6*a + 1078. Give q(-7).
6
Let x(c) = -8*c + 71. Let j be x(-11). Let s = -163 + j. Let m(d) = -d**3 - 2*d**2 + 4*d + 4. Give m(s).
20
Let b(k) = k**2 - 7*k + 9. Let r(p) = p**2 - 5. Let u be r(-3). Suppose -v = u*m - 14, -2*m + 1 + 1 = -2*v. Let z be 2/m + -1 + 76/12. Determine b(z).
3
Let a(c) = -271 + 16*c - 6*c + 426 - 19*c. What is a(19)?
-16
Suppose 83 = -14*g + 13. Let u(o) = o**3 + 5*o**2 + 2*o + 5. What is u(g)?
-5
Let m(w) be the third derivative of w**5/60 - w**4/4 + w**3/3 - 2*w**2 + 12*w - 8. Suppose 4 - 22 = -2*z - 4*n, n = -3*z + 22. Give m(z).
9
Let q(r) = -10*r**2 + r + 117. Let s(d) = 48*d**2 - 4*d - 588. Let p(y) = -14*q(y) - 3*s(y). Let k(g) be the first derivative of p(g). Calculate k(-2).
14
Let c(w) = -23*w - 21. Suppose 767*o = 805*o + 114. Determine c(o).
48
Suppose 0*q - 2*q + 6 = 0. Let h be ((-26)/(-4))/(-6 - 91/(-14)). Let t(c) = 4 + 12*c**2 - 6 - h*c**2 + 3*c**2. Give t(q).
16
Let f(v) = v**2 + v - 29. Let l be (-1)/(-4)*(6 - (-12 + 6)). Suppose 5*p = 2*m - 2, 0*p - 2*m = l*p - 2. Give f(p).
-29
Let c(x) = -2*x**3 - 8*x**2 + 2. Let n be c(-4). Let t(g) be the first derivative of -11/2*g**n - 6*g - 12 - 1/3*g**3. Determine t(-5).
24
Let g(u) = u**3 + 28*u**2 - 58*u + 55. Let s be g(-30). Let q(n) = n + 4. Let x(o) = o - 4*o - 9 + o. Let t(b) = s*q(b) - 2*x(b). What is t(5)?
-7
Let k = 736 + -745. Let b(o) = 23*o + 221. Calculate b(k).
14
Let v(o) be the second derivative of 1/40*o**5 + 0 - 1/360*o**6 + 0*o**3 - 1/3*o**4 + 14*o + 0*o**2. Let m(p) be the third derivative of v(p). What is m(-6)?
15
Let j(n) = 17587*n + 201 - 8793*n + 42 - 8823*n - 43. Give j(7).
-3
Let w(l) = -l**2 - 5*l - 25. Suppose j - 3*d - 15 = 0, -10 = -2504*j + 2503*j + 2*d. Calculate w(j).
-25
Let l = 2578 + -2586. Let t(s) be the first derivative of -s**5/60 - s**4/3 - s**3/6 + s**2 - 2. Let j(y) be the second derivative of t(y). Calculate j(l).
-1
Let r(b) be the second derivative of -b**4/12 - b**3 + 5*b**2 + b + 73. What is r(4)?
-30
Let k(c) = -5*c**3 + 2*c + 6*c**3 + 2*c**2 + 5*c**3 + 1. Let l be (-8 - 2)*(-3)/3. Let s = -11 + l. Calculate k(s).
-5
Let t(h) = -h**2 - 8*h - 7. Let f(y) = -5*y**2 - 32*y - 27. Let o = -80 + 82. Let n(c) = o*f(c) - 9*t(c). Give n(8).
9
Suppose -6*r + 5*r + 3 = 0. Let u(d) = 1 + 3*d**2 + 26*d**3 + 2*d**2 - 61*d**r - 7*d**2. Calculate u(-1).
34
Let f(j) = 12*j - 42. Let c be f(7). Let u = -37 + c. Let k(s) = u - 41*s - 8 + 39*s. Give k(-4).
5
Suppose 4*j - 4*f = 45 + 35, 0 = -4*j - f + 105. Suppose -32*z + j = -27*z. Let w(q) = -q**3 - 7*q + 3*q - 5*q**2 + 2*q**3 + q**2 - 2. Determine w(z).
3
Let r(f) = f**3 - 7*f**2 - 7. Let x(k) = -3*k**2 - 83*k - 566. Let s be x(-14). What is r(s)?
57
Let m(o) = 19*o - 31*o + o**2 + 1 - 5 - 13. Let u(d) = d**3 + 13*d**2 + 12*d + 5. Let c be u(-12). Suppose -c*y - 104 = -13*y. Give m(y).
-4
Let j(q) = 2*q**2 - q. Suppose 5*g = 2*f - 9, g - 2 = -5*f + 7. Suppose -2 + 8 = f*p. Let i be (0 + p)*(-4)/(-12). Determine j(i).
1
Suppose -2*f = -2*z - 6, 6 = -5*z + 11. Let i(r) = -1 + r - 5 - 5*r + f + 11. Calculate i(-7).
37
Suppose -5*v + 13 = 23. Let u(z) be the third derivative of 0 - 33*z**2 + 0*z**5 - 1/120*z**6 + 0*z + 1/6*z**3 + 1/8*z**4. Calculate u(v).
3
Suppose -i + 38 = 34. Let d(r) be the second derivative of -r**4/12 + r**3/3 - 3*r**2/2 + 36*r. What is d(i)?
-11
Let l(g) = 7*g**2 + 11*g + 11. Let z be -3 + -1 + 2 + 19. Let d(j) = 20*j**2 + 32*j + 31. Let w(k) = z*l(k) - 6*d(k). Determine w(-5).
1
Let p(f) = 241*f + 4. Let r(y) = 433*y + 7. Let l(t) = 9*p(t) - 5*r(t). Let h(x) = -5 + 0*x - x**2 - 4*x + 1. Let z be h(-4). What is l(z)?
-15
Let m(k) = 2*k**3 - 2*k**2 + 4*k - 103. Let x(n) = n**2 - n + 19. Let u(b) = -m(b) - 5*x(b). Calculate u(-2).
10
Let u(c) be the second derivative of -c**5/20 + c**4/4 + c**3/2 - 11*c**2/2 - 16*c + 4. Calculate u(4).
-15
Let j(m) = -m - 18. Let k be j(-20). Suppose 0 = -u + 2*l + 11, -k*u - 4*l - 14 = l. Let w(t) = t**3 - 2*t**2 - t + 1. Calculate w(u).
7
Let c(p) be the second derivative of 1/6*p**4 + 0*p**3 - 1/2*p**2 - 7/20*p**5 + 0 + 10*p. What is c(1)?
-6
Let u(t) be the third derivative of -5*t**4